5)/6)*0. Let h(g) = g**3 + g + 22. Let s = -159 - -224. What is the remainder when s is divided by h(u)?
21
Calculate the remainder when (157 + 0)/(2 + 2 - 3) is divided by ((-78)/9 - 2)/((-2)/3).
13
Suppose 38 = -5*u - 4*n - 28, 4*u = -4*n - 52. Let f = u + 14. What is the remainder when 15 is divided by 4*(2 + f/(-4))?
7
Let s(k) = 3*k - 14. Let v be s(8). Calculate the remainder when 627/44 + v/(-8) is divided by 3.
1
Let i(g) = -g**3 + 5*g**2 + 3*g + 3. Let h(y) = y**3 + y**2 - 3*y - 17. What is the remainder when h(4) is divided by i(5)?
15
Let s be 3/15 + 9/5. Suppose s*f + 574 = 9*f. Suppose 2*o = 4*l - 3*o - f, -4*o = 2*l - 28. Calculate the remainder when l is divided by 10.
8
Let n(c) = c**2 + 5*c - 185. Calculate the remainder when 53 is divided by n(-17).
15
Suppose 848*a + 476 = 862*a. What is the remainder when 404 is divided by a?
30
Let j = -120 + 140. Calculate the remainder when 33 is divided by j.
13
Let l(b) = -b**2 + 10*b - 15. Let d be l(7). Suppose d*p = 4*p - 6, 17 = -f - 5*p. Calculate the remainder when 29 is divided by 183/18 - f/(-12).
9
Let s(b) be the third derivative of b**5/20 - b**4/24 + 4*b**2. What is the remainder when (-2)/3 - 60/(-9) is divided by s(1)?
0
Suppose 3*p = 7*p + 20, -2*p = 4*t + 2. Suppose 3*z - 135 - 106 = -4*b, -168 = -3*b + t*z. What is the remainder when b is divided by 12?
10
Let o be 7 - (-3)/(-3 + 0). Calculate the remainder when 2/o - (-130)/6 is divided by 6.
4
Let r(q) = 2*q**3 - 9*q**2 - 5*q + 3. Let m(t) = t**3 - 6*t**2 - 6*t - 2. Let l be m(7). Calculate the remainder when 8 is divided by r(l).
2
Suppose 4*c - 137 = 123. Let b = c - 25. What is the remainder when 77 is divided by b?
37
Let y = 41 + -41. Suppose y = 4*v - 3*r - 29, v + 2*v - 2*r = 23. What is the remainder when v is divided by 4?
3
Calculate the remainder when 93 is divided by (-228)/(-14) - 24/84.
13
Let f(j) = 4*j**2 - j - 5. Suppose 2*i = 2 - 6. Calculate the remainder when 62 is divided by f(i).
10
Let f be -1 - (-4)/6*(-12)/(-8). Suppose 5*o - 44 = 3*n, -2*n - 6 = -o - f. Calculate the remainder when 49 is divided by o.
9
Let j = 57 + -50. Calculate the remainder when 60 is divided by j.
4
Let h = -82 + 91. Suppose -10*q - 14 = -17*q. What is the remainder when h is divided by q?
1
Suppose -4*p = -13*l + 14*l - 115, 0 = 2*l - 2*p - 190. What is the remainder when l is divided by 50?
49
Let c(f) = -f + 16. Calculate the remainder when 73 is divided by c(-2).
1
Let u be ((-14)/21)/(2/(-9)). Suppose u = d + 7. Let m(w) = 5*w**2 + 6*w + 8. What is the remainder when m(d) is divided by 17?
13
Let k(p) = p**3 + 37*p**2 - 40*p - 15. What is the remainder when 236 is divided by k(-38)?
53
Calculate the remainder when 80 is divided by 6*10/15 + 14.
8
Calculate the remainder when (-18)/(-30) + 1334/10 is divided by 39.
17
What is the remainder when 103 is divided by ((-3)/4 + (-9)/36)*-60?
43
Let s be (4/(-4) + 28)*2. Let x = s + -40. Calculate the remainder when 114/3*7/x is divided by 5.
4
Suppose 0 = 3*j - 5*j + 124. Let c = j - 50. Calculate the remainder when 40 is divided by c.
4
Suppose 5*o - 4*o - 31 = 0. Suppose 199*r = 198*r + 11. What is the remainder when o is divided by r?
9
Let n = -179 + 417. Calculate the remainder when n is divided by 40.
38
Let l(j) = 9*j**3 - 4*j**2 + 2*j + 2. Calculate the remainder when l(2) is divided by 32.
30
Let b(l) = 4*l**2 - 10*l + 28. Calculate the remainder when b(8) is divided by 55.
39
Let c = 41 + 41. Suppose 0*z - 4*o = 2*z - c, -4*z = 2*o - 170. Calculate the remainder when z is divided by 15.
13
What is the remainder when 137 is divided by (336/196)/(4/98)?
11
Let z be (1581/34)/((-6)/(-8)). What is the remainder when 29 is divided by ((-1)/6)/1 - z/(-12)?
4
Let q(z) = -2*z**3 + z**2 + 23*z + 7. What is the remainder when q(-4) is divided by 13?
7
Suppose 305 = 4*k + k. Suppose 0 = -4*a + 135 + 105. Suppose 0 = 4*n - a - 4. What is the remainder when k is divided by n?
13
Let p(f) = -4*f**2 - 7*f - 25. Let z be p(-5). Let r(y) = -2*y - 6. Let v be r(-4). What is the remainder when v - z/((-6)/(-2)) is divided by 9?
5
Suppose 0 = -y + 4, -4*l = 78*y - 74*y - 32. What is the remainder when (-158)/(-14) + 6/(-21) is divided by l?
3
Let o = -1 - -6. Let n(d) = -d**2 + 5*d - 18. Let l(i) = i - 1. Let p(q) = o*l(q) - n(q). What is the remainder when 51 is divided by p(0)?
12
Calculate the remainder when 103 is divided by 32 + (36/6 - 4 - 3).
10
Suppose -784 = -21*f + 14*f. What is the remainder when f is divided by 106?
6
Let i be 90*((-60)/(-25) + -2). Suppose -100 = -4*m + i. What is the remainder when m is divided by 7?
6
Let k = 316 + -227. Let l = 4 - -14. Calculate the remainder when k is divided by l.
17
What is the remainder when ((-2)/4)/((-1)/174) is divided by ((-23)/(276/(-99)))/(-2*3/(-16))?
21
Suppose g = 38 + 39. Let u = 15 - 6. What is the remainder when (g/(-1))/((-9)/u) is divided by 20?
17
Let u = -234 + 241. What is the remainder when 104 is divided by u?
6
Let g = 92 + -170. Let w = -27 - g. Suppose 8*h - 3*h = -4*j + 162, 3*j = 2*h - w. What is the remainder when h is divided by 8?
6
Let o(u) = 4*u**2 + u - 1. Let t be o(1). Suppose -t*g = -3*g - 19. Calculate the remainder when 33 is divided by g.
14
Let g(b) = 43*b**2 + 2*b + 3. Let w = -3 + 2. Calculate the remainder when g(w) is divided by 23.
21
Suppose -5*j = -5*a - 235, 3*j + a = 33 + 88. Let m = j + -4. Suppose -38 = -5*c - 3*f, -2*f = -3*f - 4. What is the remainder when m is divided by c?
8
Suppose 5*a = -3*l + 100, 2*a + 5*l + 2 = a. Suppose -4*r - a = -3*t, 0 = 7*t - 3*t + 2*r - 16. What is the remainder when 17 is divided by t?
2
Let k = 18 + -14. Suppose -8*y + k = -20. Suppose -y*n - 20 = -4*a + 34, -3*n + 81 = 5*a. What is the remainder when 56 is divided by a?
11
Calculate the remainder when (-4 + 8)/((-2)/(-44)) is divided by 46.
42
Let o(g) = 2*g**2 - 9*g - 16. Let v be o(6). Suppose v*m - m - 45 = 4*f, 4*m = 3*f + 115. Calculate the remainder when m is divided by 13.
12
Suppose 12*f + 454 = 1174. What is the remainder when 208 is divided by f?
28
Let v = 0 - -198. Suppose -a + v = 5*a. What is the remainder when 131 is divided by a?
32
Suppose 24*t + 99 = 339. Calculate the remainder when t is divided by 5.
0
Suppose 0 = 5*h + 19 + 26. Let s(d) = -d**2 - 8*d + 9. Let m be s(h). Suppose m = y - 0*y - 22. Calculate the remainder when y is divided by 5.
2
Suppose -3*a - 6*f = -4*f + 3, 12 = -4*f. Let o(i) = 57 - 2*i + 15*i**2 - 55 + 0*i. Calculate the remainder when o(a) is divided by 9.
6
Let c(a) = -a**3 - 16*a**2 - 21*a - 20. Let p be c(-15). Calculate the remainder when 94 is divided by (-2)/7 - (-2260)/p - 0.
30
Suppose 737 = -14*v + 16*v - 5*j, 0 = 5*v + 3*j - 1920. What is the remainder when v is divided by 24?
21
Suppose -3*f + 5*u + 43 = -0*f, -f + 1 = u. Let m = 18 - f. Calculate the remainder when 59 is divided by m.
11
Let p(i) = i**2 - 2*i - 11. Let l = -2 + 7. Let a be p(l). Suppose -119 - 5 = -a*j. What is the remainder when j is divided by 17?
14
Let q(y) = 6*y**2 + 62*y + 11. What is the remainder when q(-17) is divided by 77?
75
Let d = 9 + -10. Let m be (-2 - -5)*1 - d. Suppose 0 = -q + m*o - 12, 7 = q + 3*q - 5*o. Calculate the remainder when 30 is divided by q.
6
Let y be 136/170*(-1 - (-14)/4). Suppose -3*h + 37 = -y. Suppose -5*p + 181 = 6. Calculate the remainder when p is divided by h.
9
Let g(c) = 26*c. Let u be g(-1). Let y = -16 - u. Suppose -d = -7 - y. Calculate the remainder when d is divided by 7.
3
Let y(o) = 22*o + 4. Let k be y(2). Let n = -37 + k. Let t(i) = i**3 - i**2 - 2*i + 3. What is the remainder when t(4) is divided by n?
10
Suppose -2*o - 9*o + 495 = 0. What is the remainder when o is divided by 13?
6
Let g(k) = k**3 - 8*k**2 - 26*k + 33. What is the remainder when g(14) is divided by 53?
50
Let m be (-12)/5*(-5)/2. Suppose m*x = 8*x - 116. Calculate the remainder when x is divided by 15.
13
Let m(p) = -p**3 - 10*p**2 - 9*p - 1. Let g(n) = -n + 5. Let j be g(14). Let h be m(j). Calculate the remainder when 32 is divided by (-8)/h + 9/3.
10
Let s(t) = -418*t**2 - 1679*t - 8. Calculate the remainder when (-576)/(-10) + (-2)/(-5) is divided by s(-4).
18
Let p = -1664 + 1681. Suppose s - 3*i - 47 = 0, -2*s + i - 14 + 108 = 0. Calculate the r